 of ((-442)/(-51))/(y/(-3))?
1
Let w(d) = 15*d + 56. Let i(h) = 46*h + 167. Let g(t) = -3*i(t) + 8*w(t). What is the units digit of g(-10)?
7
Let x = -3 + 7. Suppose 0 = x*v - 16, 2*v = 4*f + 4*v - 20. Suppose 0 = 5*d - f*d - 72. What is the tens digit of d?
3
Let s(l) = -43*l + 1. What is the hundreds digit of s(-12)?
5
Suppose -166 = -8*t + 10*t. Let r = 214 + -87. Let f = t + r. What is the units digit of f?
4
Suppose -p = 5*s - 4*s + 3, -3*p + s = -11. Suppose 34 = 2*d + 4*v, -v + 34 = p*d + v. What is the units digit of d?
7
What is the units digit of 6375 + (-16 + 11 - 4)?
6
Let f be ((-1 - -1)/(-1))/(-2). Suppose 3*b - 4 - 14 = f. What is the units digit of 9/(-27) + 122/b?
0
Suppose 0 = -3*z - 5*v + 2663, 627 + 258 = z + 3*v. What is the hundreds digit of z?
8
Let n = 721 - 672. What is the units digit of n?
9
Let d(n) = n**3 - 9*n**2 - 2. Let y be d(9). Let w(v) = 77*v + 2 - 201*v + 88*v. What is the tens digit of w(y)?
7
What is the hundreds digit of 5 + (13 - 10) + 2217?
2
Let j(n) = 7*n**2 + 32*n + 63. What is the hundreds digit of j(12)?
4
Let i be -3*(24/9)/1. Let k be i*4/(-1*4). Suppose -2*f + k + 40 = 0. What is the tens digit of f?
2
Suppose -42*p + 28*p = -7882. What is the hundreds digit of p?
5
Let t(a) = -139*a**3 + 14*a**2 + 27*a - 2. What is the units digit of t(-2)?
2
Let a = -796 + 3114. What is the hundreds digit of a?
3
Let t = -486 + 279. What is the hundreds digit of (t/5)/((3/(-15))/1)?
2
Let u = 333 - 208. What is the tens digit of u?
2
Let r(f) = 2*f - 5. Let k be r(5). Let p(v) = 36*v - 60. Let g be p(2). Suppose -g - 13 = -k*n. What is the units digit of n?
5
Suppose 17260 = 6*h - h. Let f = h + -8424. What is the tens digit of f/(-77) - 3/(-7)?
6
Let q(v) = 2*v**2 - 10*v + 50. What is the hundreds digit of q(-8)?
2
What is the hundreds digit of (2 - 15/10)/((-2)/(-1004))?
2
Let r(z) = -z**2 + 7*z - 6. Let w be r(6). Suppose w = 6*v - 2*v + 20, -3*s = 3*v + 6. Suppose -s*a + 5*a - 6 = 0. What is the units digit of a?
3
What is the thousands digit of 5 - (2 + -1) - (-69168)/48?
1
What is the tens digit of ((-6492)/(-30))/((-65)/25 - -3)?
4
Let i(j) = -7*j - 17. Let k be (-18 - -15) + -5 + 0. What is the tens digit of i(k)?
3
Let s(b) = -6*b - 3. Let k be -4*(-3)/6 - 4. Let c be s(k). Suppose 0 = 4*p + 4*g + 4, 2*p - 3*g + c = 32. What is the units digit of p?
4
Let w be 34/12 + (-6)/(-36). Let l(b) = 25*b + 9. What is the tens digit of l(w)?
8
What is the tens digit of (228/16)/(6/80) - -4?
9
Suppose -10*i + 2 = -8*i. What is the units digit of (60/6)/(i/1)?
0
What is the hundreds digit of (-102267)/(-189) - 4/42?
5
Let n(l) = -6*l - 3. Let y be n(-3). Let a(g) be the first derivative of -g**3/3 + 9*g**2 - 18*g + 613. What is the units digit of a(y)?
7
Let b = -25 - -14. Let y(g) = -5*g**2 - 15*g - 17. Let q(u) = u**2 + 1. Let z(a) = 4*q(a) + y(a). What is the tens digit of z(b)?
3
Suppose 3*j - 5*j - c = 10, -3*j = 2*c + 16. Let m be (10/(3 + j))/1. What is the units digit of (-3)/1*(-3 + m)?
9
Suppose -z = 5*n + 1381, -z + 327 = -3*n + 1684. Let f = z + 942. What is the units digit of ((-3)/6)/(4/f)?
3
Let a(k) = -k**2 - 9*k + 10. Suppose -26 + 10 = 2*v. Let r be a(v). Suppose -u + 2*u = -3*m + r, -u + 14 = m. What is the tens digit of u?
1
Let t = 2 + 1. Suppose -373 - 146 = -t*s. What is the tens digit of s?
7
Suppose -3*r = -412 - 17. Suppose -z = -45 - r. What is the tens digit of z?
8
Let k be (-2 + 3/1)*4. Suppose 0 = -5*o - 15, -o + 5 = k*n - 0. Suppose 0 = -n*x + x + 19. What is the units digit of x?
9
Let o(z) = 2*z**3 + 2*z**2 + 12*z - 12. Let k be o(6). Let a = 884 - k. What is the units digit of a?
0
Suppose 3 = -4*y - 5, -5*q = -2*y - 34. Suppose -322 = -i - q*i. What is the tens digit of i?
4
What is the units digit of (366/(-30) - -1)/((-1)/10)?
2
Let d(p) = -72*p + 25. What is the hundreds digit of d(-10)?
7
Suppose -3*a = 1 + 2. Let m = a + 1. Suppose 3*c - 7 - 8 = m. What is the units digit of c?
5
Let w = -29 + 29. Suppose w = g - 163 - 106. What is the tens digit of g?
6
Suppose 4*q + 65 - 301 = 0. Let p = 112 - q. What is the tens digit of p?
5
Let i = -605 + 1216. What is the tens digit of i?
1
Let f(n) = -n - 8. Let o be f(-8). Let y be (-9)/(1 + -4) - o. What is the tens digit of (-2 - -45 - y) + 1?
4
Let l be (-16)/4 + (-96)/(-6). Suppose -2*d + 49 + 29 = 0. Let i = d - l. What is the tens digit of i?
2
Suppose 0*t = -6*t + 96. Let i(x) = -x**2 + 26*x + 6. What is the tens digit of i(t)?
6
Let v(z) be the second derivative of z**4/12 + z**3/2 + 3*z**2 + 5*z. What is the tens digit of v(6)?
6
Let j(o) = -o**3 + 41*o**2 - 24*o - 149. What is the tens digit of j(40)?
9
Suppose 0 = -f - 3*b + 5, -4*b - 13 - 17 = 5*f. Let q = -29 - f. Let h = 18 - q. What is the units digit of h?
7
Let q be 4/(-5)*135/(-54). Suppose -q*h + d + 71 = -2*d, -5*h - 2*d = -187. What is the units digit of h?
7
Let d = -5 + 7. Suppose -2*k + 3 = -217. Suppose 4*r - 2*j = d*r + k, 0 = r - 2*j - 58. What is the units digit of r?
2
Let j(h) = -869*h + 278. What is the tens digit of j(-3)?
8
Let b(v) = 8*v - 19. Let y(i) = 12*i - 28. Let t(s) = 7*b(s) - 5*y(s). Suppose -12 = d + 2*d. What is the tens digit of t(d)?
2
Let w be (-9)/6*(-3 - 3). Let c = w - 2. What is the units digit of c?
7
Let y be ((-6)/(-4))/(9/(-12)) + 12. Suppose 6*w = y*w - 84. What is the tens digit of w?
2
Suppose 0 = y - 4*o - 3493, -4*y = 3*o + 4631 - 18698. What is the units digit of y?
3
Suppose 9*l - 10020 - 717 = 0. What is the tens digit of l?
9
Suppose 142 = 4*i - 326. Suppose -c + 169 = 3*o, -2*o - 2*c + i = 3*c. What is the units digit of o?
6
Suppose 8*q = 3*q + 19520. What is the units digit of q?
4
Suppose -22 = -2*x - 0*x + 3*b, -4*x = 4*b - 24. What is the tens digit of 69/(-115) - x*(-146)/5?
3
Suppose 0 = 6*g - 10140 - 3588. Suppose 9*c - g = c. What is the units digit of c?
6
Let i be (-2 - 0) + (-10)/2. Suppose 4*h = 5*z + 2, -h - 5 - 3 = 3*z. What is the tens digit of h/i + (-152)/(-7)?
2
Let r(o) = -o**3 + 13*o**2 + 14*o + 3. Let d be r(14). Suppose -5*z = 0, -30 - 302 = -2*f + d*z. What is the hundreds digit of f?
1
Suppose 5*q - 238 = -f, -4*q + 190 = f - 0*f. Suppose -i + q + 5 = 0. What is the tens digit of i?
5
Suppose 6 = -5*b - 1049. Let z = -139 - b. What is the units digit of z?
2
Let y = 111 - 79. Suppose -y*z + 33*z - 166 = 0. What is the hundreds digit of z?
1
Let u(a) = -a - 6. Let k = -5 + 8. Let y be k*(-3 - -1) - 4. What is the units digit of u(y)?
4
Let p = 49 + -49. Suppose 18*a - 21*a + 378 = p. What is the tens digit of a?
2
Let b(h) = 2*h**3 - 11*h**2 + 14*h + 7. Let a(g) = 5*g**3 - 23*g**2 + 29*g + 13. Let d(m) = 3*a(m) - 7*b(m). What is the units digit of d(-8)?
8
Suppose 321 = w - 625. What is the tens digit of w?
4
Let w be 10/5 + 746/2. Suppose -w = 224*m - 227*m. What is the tens digit of m?
2
Suppose -4*j = 13*j - 510. What is the units digit of j?
0
Let i = -1445 - -2591. What is the tens digit of i?
4
Let j = 282 + 7. What is the tens digit of j?
8
Let w(k) = -k**2 + 7*k + 8. Let f be 3/2*(-112)/(-21). Let t be w(f). Suppose t = 4*d - 5 - 67. What is the units digit of d?
8
Let d(b) = -b**2 - 14*b - 8. Let t be d(-13). Suppose -7 - 3 = t*j, 5*f + 5*j + 5 = 0. What is the units digit of f?
1
Let b = 670 + -340. What is the units digit of b?
0
Let a(o) = -21*o**2 + 10*o + 9. Let g be a(-1). Let w(k) = -k**3 + k**2 + 19. Let f be w(0). Let y = f - g. What is the tens digit of y?
4
What is the tens digit of 14344/14 - 180/315?
2
Let q be (-6)/21 + 18/14. Let d = -142 + 147. Suppose d*i = 0, q - 53 = -4*x + i. What is the units digit of x?
3
Suppose 5*i + 119 = 8*i + s, 2*s - 197 = -5*i. What is the units digit of i?
1
Let b(n) = -n + 4*n + 3*n + 1 - 2*n. Let w be b(9). Let t = w + -13. What is the units digit of t?
4
Suppose 13 = -4*o + 25. Let i(a) = 43*a + 8. What is the tens digit of i(o)?
3
Let p(b) = 6*b**2 - 46*b - 44. What is the thousands digit of p(20)?
1
Let b(w) = 25*w**2 + 2*w - 28. What is the units digit of b(4)?
0
What is the tens digit of 9/6*(-57954)/(-117)?
4
Let l(x) = x**2 - 4*x + 5. Let j be l(4). Suppose 8*k - j*k - 105 = 0. What is the units digit of k?
5
Let v(r) = 6*r**2 + 7*r - 3*r**2 - r**3 - 8 + r**2 + 3. Let h be v(5). Suppose 2*t + 2*n - 44 = 0, 5*t - 105 = -n + 